(0). What is the greatest common divisor of 1 and h?
1
Let x = 111 - 54. Calculate the highest common factor of 19 and x.
19
Let u = 363 - 252. Calculate the greatest common divisor of 74 and u.
37
Let t be (5 + -3)*8/4. Suppose -t*j - 35 = -9*j. What is the greatest common divisor of 28 and j?
7
Let q be (0 + -2)/(3/(-6)). Let h be 56/6*6/q. Calculate the greatest common factor of h and 154.
14
Suppose -2*g + 0 = -22. Suppose 3 = -4*n + g. Let m be (n/(-4))/((-3)/90). What is the greatest common factor of 60 and m?
15
Let a(j) = -j + 10. Suppose 4*s + 4*n - 17 = -n, -18 = -5*s - 3*n. Let w be (s - 1)/6*0. Let f be a(w). Calculate the greatest common divisor of f and 30.
10
Let r = -9 - -3. Let j(w) be the second derivative of -w**3/6 - w**2 + w. Let s be j(r). Calculate the highest common divisor of s and 32.
4
Let h(f) = f**3 + 6*f**2 - f - 2. Let i be h(-3). Suppose -28 = -4*n + 5*v, 4*n - 8*v = -4*v + i. What is the highest common divisor of n and 21?
7
Suppose 4*o = 4*s - 36, -22 = 4*s - 7*s - 2*o. What is the greatest common factor of 20 and s?
4
Suppose -3*v + 12 = x, 149 = 5*x - 3*v + 53. What is the highest common factor of 45 and x?
9
Let b(c) = 12*c**2 + 7*c + 1. Let y be b(-3). What is the greatest common divisor of 11 and y?
11
Let p(u) = u + 3. Let z be p(7). Calculate the greatest common divisor of 40 and z.
10
Let f(i) = -i**3 + 2*i + 50. Let n be f(0). Calculate the greatest common divisor of n and 10.
10
Suppose -c = -3*c + 6. Suppose 0 = -4*q + c*q + 11. What is the highest common factor of 99 and q?
11
Let t be (-4)/22 - 222/(-11). What is the highest common divisor of t and 5?
5
Let w = 54 - 9. Calculate the highest common factor of w and 9.
9
Suppose 2*p = 3*p + 1, 5*z + 4 = -4*p. Let y = 80 - 20. Suppose 3*v = -r + y, z*r - 3*r + 3*v + 228 = 0. What is the greatest common factor of 12 and r?
12
Let i(z) = z**2 + 6*z + 2. Let d be i(-6). Suppose 2*r + r + 10 = q, 0 = -d*q + r + 10. Calculate the highest common factor of q and 2.
2
Let h be (-3)/(-4) + (-396)/(-48). Suppose -n + 4*n = 54. Calculate the highest common divisor of h and n.
9
Suppose -4*d - 15 = d + x, 3*d + 7 = -x. Let c be d/(-3) - 1/3. Let u(v) = -v + 5. Let k be u(-6). Calculate the highest common divisor of k and c.
1
Let i be 6/(-4)*(-8)/6. Let o = 12 - 10. What is the highest common factor of i and o?
2
Let t = 2 + 2. Suppose -t*o + 55 = 5*w, 0*o = o - 4*w + 2. Calculate the greatest common divisor of 50 and o.
10
Let l be 2/((-164)/56 + 3). Calculate the highest common factor of 7 and l.
7
Suppose -3*t - 2*o + 10 = -5, 3*o = 5*t - 6. Suppose 5*a + 3*s = 113, -29 - 34 = -t*a - 3*s. Calculate the highest common divisor of 25 and a.
25
Let w(u) = -u**3 - 3*u**2 - 3*u - 3. Let m(p) = p**3 + p**2 - p - 1. Let h be m(-2). Let b be w(h). Calculate the greatest common divisor of b and 30.
6
Let t be (-115)/(-10) + 3/(-6). What is the greatest common divisor of t and 11?
11
Suppose 2*q + 38 - 128 = -4*d, 4*q + 2*d - 180 = 0. Let i = 4 + 11. Calculate the greatest common divisor of q and i.
15
Let q be (0 + (-52)/6)*-3. Suppose 4*i + 3 + 1 = 0. Let w be (35 - (i + -1)) + 2. Calculate the greatest common divisor of w and q.
13
Let w be 8/6*27/12. What is the highest common divisor of w and 5?
1
Suppose -17 = -f - 15. What is the highest common factor of 16 and f?
2
Let g = 40 - 15. Suppose -m + 6*m - g = 0, -2*l = -m - 69. Suppose -5*z = -4*p + l, -2*z - 5 + 43 = 5*p. What is the greatest common divisor of p and 2?
2
Let l = 358 - 61. What is the highest common divisor of l and 11?
11
Let h(q) = -q**3 - 9*q**2 - 6*q + 11. Let l be h(-8). Let x = 6 - l. Calculate the highest common factor of x and 88.
11
Let z = 9 + 7. Let w = -84 - -212. Calculate the highest common factor of w and z.
16
Let s(n) = n**2 - n - 42. Let j be s(0). Let u be (j/(-4))/((-6)/(-32)). Calculate the highest common divisor of u and 7.
7
Suppose 3*p = 27 + 3. Suppose p*a - 15 = 5*a. Suppose -2*r - a + 5 = 0. What is the greatest common divisor of r and 1?
1
Let u be ((-24)/(-10))/(-3)*-80. Suppose 5*j + 3*w - 63 = 0, -5*j - 3*w = w - u. Calculate the greatest common factor of 132 and j.
12
Let i(x) = -x**2 + 10*x - 7. Let l be i(7). Let g be (l/(-5))/((-1)/10). Let v be (-6)/105*5 - (-296)/7. Calculate the highest common factor of g and v.
14
Suppose 0*x - 88 = -2*x. Suppose 4*o + 0*m - 2*m = 14, 15 = 3*o - 3*m. Let b = 9 + o. What is the highest common factor of x and b?
11
Let t = -28 + 39. Calculate the greatest common divisor of 44 and t.
11
Suppose 8*i - 5*i = 45. What is the highest common divisor of 3 and i?
3
Let l(a) = 4*a**2 + 4*a + 2. Let y be l(-2). What is the greatest common factor of 20 and y?
10
Let b(j) = -9*j - 1. Let y(k) = k. Let s(p) = 5*b(p) + 40*y(p). Let o be s(-4). Calculate the greatest common factor of o and 105.
15
Suppose -230 = -n - n. Calculate the highest common factor of n and 23.
23
Suppose -16 = -g - 5. Calculate the highest common divisor of 11 and g.
11
Let x be ((-1)/2)/((-6)/12). Let l(f) = 42*f - 2. Let h be l(x). Let r = -17 - -33. What is the greatest common divisor of h and r?
8
Suppose j = d + 37, 29 = 5*d + 4. What is the greatest common factor of 42 and j?
42
Let x be 290/9 - 24/108. What is the highest common divisor of x and 288?
32
Let m(n) = 3*n**2 - 3. Let g be m(3). Suppose 0*x = -2*x + g. Calculate the greatest common factor of x and 3.
3
Let m(q) = -q**3 + 7*q**2 + q + 7. Let j be m(7). Let z = -36 + 71. What is the highest common factor of z and j?
7
Let d = 31 + -19. Suppose 93*u - 90*u = 24. What is the greatest common factor of d and u?
4
Let m(x) = -29*x - 2. Let u be m(-5). What is the highest common factor of 13 and u?
13
Let l = 123 - 121. Suppose 0 = -4*u + 2*x - 0*x, -5*u - 2 = -3*x. What is the highest common factor of u and l?
2
Suppose 3*m - 6*m + 580 = f, 5*f - 5 = 0. Suppose 3*l + 25 - m = 0. What is the highest common divisor of l and 140?
28
Let d be (-50)/30 - 8/6 - -27. What is the greatest common divisor of d and 8?
8
Let d = 52 - -48. Let r be (4 - (1 - -1)) + 18. What is the greatest common factor of d and r?
20
Let j = 43 - 31. Let y = 4 - -2. Calculate the highest common factor of y and j.
6
Suppose -9*h + 1 = -17. Calculate the greatest common divisor of h and 18.
2
Let t = -3 + 3. Suppose -3*g = -t*g - 24. Let h = 16 - g. What is the greatest common factor of 20 and h?
4
Let s(i) = 16*i**3 - i + 1. Let b be s(1). Suppose 9*v + 405 = 4*v. Let y = v + 129. What is the highest common divisor of y and b?
16
Let j(g) = 3*g**3 - 3*g**2 - 3*g - 3. Let t be j(3). Let b(n) = 5*n**2 - 2*n - 1. Let u be b(-1). Calculate the highest common divisor of t and u.
6
Suppose 11 = 5*p - 9. Suppose 0 = -0*z - z + p. Calculate the highest common factor of 44 and z.
4
Suppose -f + 1584 = 11*f. Calculate the greatest common divisor of 12 and f.
12
Let f be 1 + -11*(-1 - 0). Suppose -3*p = p - f. Suppose 36 = p*w + w. What is the highest common factor of w and 99?
9
Let o = -50 - -61. What is the greatest common divisor of o and 88?
11
Let p be 3 + 0 + -1 + 2. Suppose p*g = -2*n + g + 21, -4*n - 3*g + 45 = 0. Suppose -3 = -s + n. Calculate the greatest common divisor of 75 and s.
15
Suppose 2*i + 13 + 5 = 0. Let q = i - -61. Let j(m) = -m**2 - 10*m - 3. Let n be j(-8). What is the highest common factor of q and n?
13
Let k be 8/2*(-1 + 0)*-2. Let v = 3 + 2. Suppose -5 = 5*l, -5*p - v*l + 195 = -0*l. Calculate the highest common factor of p and k.
8
Suppose -3*n - a = -7, -3*n + 2*a + 3*a = -1. Suppose 0 = n*z + 1 - 5. What is the highest common divisor of 10 and z?
2
Let y(n) = n - 3. Let d be (-56)/(-4)*1/2. Let t be y(d). What is the greatest common factor of t and 10?
2
Let u(t) = 4*t**2 - 3*t + 1. Let d be u(3). Suppose d = -0*o + 4*o. Let g(r) = 2*r - 9. Let y be g(o). Calculate the greatest common divisor of y and 40.
5
Suppose -16 = -0*a - 2*a. Let f be (a/(-10))/(3/(-15)). Suppose -2*c + 38 = 2*x, 32 = c + f*x + 1. Calculate the highest common factor of 60 and c.
15
Suppose -3*i - 70 = -8*i. Suppose 0 = 5*v + 5*n - 375, 3*v - v + 5*n - 165 = 0. Calculate the highest common factor of v and i.
14
Let f = 21 - 19. Suppose 5*c + f*p + 28 = 87, p - 2 = 0. Calculate the greatest common factor of c and 121.
11
Let h = 6 + -4. Let 